{"id":1765,"date":"2024-11-01T15:28:39","date_gmt":"2024-11-01T15:28:39","guid":{"rendered":"https:\/\/was.com.co\/backup2\/?page_id=1765"},"modified":"2024-11-01T15:31:58","modified_gmt":"2024-11-01T15:31:58","slug":"was-tech","status":"publish","type":"page","link":"https:\/\/grupowas.com.co\/?page_id=1765","title":{"rendered":"WAS Tech"},"content":{"rendered":"\t\t<div data-elementor-type=\"wp-page\" data-elementor-id=\"1765\" class=\"elementor elementor-1765\" data-elementor-post-type=\"page\">\n\t\t\t\t<div class=\"elementor-element elementor-element-0621515 e-flex e-con-boxed e-con e-parent\" data-id=\"0621515\" data-element_type=\"container\" data-e-type=\"container\">\n\t\t\t\t\t<div class=\"e-con-inner\">\n\t\t<div class=\"elementor-element elementor-element-f2ce380 e-con-full e-flex e-con e-child\" data-id=\"f2ce380\" data-element_type=\"container\" data-e-type=\"container\" data-settings=\"{&quot;background_background&quot;:&quot;classic&quot;}\">\n\t\t\t\t<div class=\"elementor-element elementor-element-032a59e elementor-widget elementor-widget-heading\" data-id=\"032a59e\" data-element_type=\"widget\" data-e-type=\"widget\" data-widget_type=\"heading.default\">\n\t\t\t\t<div class=\"elementor-widget-container\">\n\t\t\t\t\t<h2 class=\"elementor-heading-title elementor-size-default\">WAS TECH<\/h2>\t\t\t\t<\/div>\n\t\t\t\t<\/div>\n\t\t\t\t<\/div>\n\t\t\t\t\t<\/div>\n\t\t\t\t<\/div>\n\t\t<div class=\"elementor-element elementor-element-9916920 e-flex e-con-boxed e-con e-parent\" data-id=\"9916920\" data-element_type=\"container\" data-e-type=\"container\">\n\t\t\t\t\t<div class=\"e-con-inner\">\n\t\t\t\t<div class=\"elementor-element elementor-element-d995cc3 elementor-widget elementor-widget-text-editor\" data-id=\"d995cc3\" data-element_type=\"widget\" data-e-type=\"widget\" data-widget_type=\"text-editor.default\">\n\t\t\t\t<div class=\"elementor-widget-container\">\n\t\t\t\t\t\t\t\t\t<p>Ofrecemos una gama completa de productos y servicios tecnol\u00f3gicos orientados a fortalecer y proteger tanto el entorno f\u00edsico como digital de su empresa, bienes, comercio u hogar. Con un enfoque en la innovaci\u00f3n y tecnolog\u00eda de \u00faltima generaci\u00f3n, proporcionando <strong>sistemas de ciberseguridad,<\/strong><strong> software especializados, dispositivos Gps, dispositivos tecnol\u00f3gicos, entre otros <\/strong>junto con un servicio integral de instalaci\u00f3n y soporte t\u00e9cnico. Todo dise\u00f1ado para garantizar un entorno seguro y protegido frente a las amenazas actuales.<\/p>\t\t\t\t\t\t\t\t<\/div>\n\t\t\t\t<\/div>\n\t\t\t\t\t<\/div>\n\t\t\t\t<\/div>\n\t\t<div class=\"elementor-element elementor-element-1150fb2 e-flex e-con-boxed e-con e-parent\" data-id=\"1150fb2\" data-element_type=\"container\" data-e-type=\"container\">\n\t\t\t\t\t<div class=\"e-con-inner\">\n\t\t\t\t<div class=\"elementor-element elementor-element-ffec6cb elementor-widget elementor-widget-heading\" data-id=\"ffec6cb\" data-element_type=\"widget\" data-e-type=\"widget\" data-widget_type=\"heading.default\">\n\t\t\t\t<div class=\"elementor-widget-container\">\n\t\t\t\t\t<h2 class=\"elementor-heading-title elementor-size-default\">Productos Tecnol\u00f3gicos de Seguridad<\/h2>\t\t\t\t<\/div>\n\t\t\t\t<\/div>\n\t\t\t\t\t<\/div>\n\t\t\t\t<\/div>\n\t\t<div class=\"elementor-element elementor-element-ffb4304 e-flex e-con-boxed e-con e-parent\" data-id=\"ffb4304\" data-element_type=\"container\" data-e-type=\"container\">\n\t\t\t\t\t<div class=\"e-con-inner\">\n\t\t<div class=\"elementor-element elementor-element-7df11d4 e-con-full e-flex e-con e-child\" data-id=\"7df11d4\" data-element_type=\"container\" data-e-type=\"container\">\n\t\t\t\t<div class=\"elementor-element elementor-element-863a300 elementor-widget elementor-widget-image\" data-id=\"863a300\" data-element_type=\"widget\" data-e-type=\"widget\" data-widget_type=\"image.default\">\n\t\t\t\t<div class=\"elementor-widget-container\">\n\t\t\t\t\t\t\t\t\t\t\t\t\t\t\t<img fetchpriority=\"high\" decoding=\"async\" width=\"1024\" height=\"683\" src=\"https:\/\/grupowas.com.co\/wp-content\/uploads\/2024\/10\/2150041860.jpg\" class=\"attachment-large size-large wp-image-1327\" alt=\"\" \/>\t\t\t\t\t\t\t\t\t\t\t\t\t\t\t<\/div>\n\t\t\t\t<\/div>\n\t\t\t\t<div class=\"elementor-element elementor-element-13f4ddd elementor-widget elementor-widget-heading\" data-id=\"13f4ddd\" data-element_type=\"widget\" data-e-type=\"widget\" data-widget_type=\"heading.default\">\n\t\t\t\t<div class=\"elementor-widget-container\">\n\t\t\t\t\t<h2 class=\"elementor-heading-title elementor-size-default\">Software de Seguridad<\/h2>\t\t\t\t<\/div>\n\t\t\t\t<\/div>\n\t\t\t\t<div class=\"elementor-element elementor-element-075a232 elementor-widget elementor-widget-text-editor\" data-id=\"075a232\" data-element_type=\"widget\" data-e-type=\"widget\" data-widget_type=\"text-editor.default\">\n\t\t\t\t<div class=\"elementor-widget-container\">\n\t\t\t\t\t\t\t\t\t<p>Ofrecemos soluciones de software avanzadas para la protecci\u00f3n de redes, sistemas y datos cr\u00edticos. Nuestros programas de ciberseguridad est\u00e1n dise\u00f1ados para detectar, prevenir y responder a amenazas digitales en tiempo real, garantizando la seguridad de la informaci\u00f3n de su empresa.<\/p>\t\t\t\t\t\t\t\t<\/div>\n\t\t\t\t<\/div>\n\t\t\t\t<\/div>\n\t\t<div class=\"elementor-element elementor-element-a839917 e-con-full e-flex e-con e-child\" data-id=\"a839917\" data-element_type=\"container\" data-e-type=\"container\">\n\t\t\t\t<div class=\"elementor-element elementor-element-460d07d elementor-widget elementor-widget-image\" data-id=\"460d07d\" data-element_type=\"widget\" data-e-type=\"widget\" data-widget_type=\"image.default\">\n\t\t\t\t<div class=\"elementor-widget-container\">\n\t\t\t\t\t\t\t\t\t\t\t\t\t\t\t<img decoding=\"async\" width=\"1024\" height=\"683\" src=\"https:\/\/grupowas.com.co\/wp-content\/uploads\/2024\/10\/2149631017.jpg\" class=\"attachment-large size-large wp-image-1329\" alt=\"\" \/>\t\t\t\t\t\t\t\t\t\t\t\t\t\t\t<\/div>\n\t\t\t\t<\/div>\n\t\t\t\t<div class=\"elementor-element elementor-element-a4f3ee9 elementor-widget elementor-widget-heading\" data-id=\"a4f3ee9\" data-element_type=\"widget\" data-e-type=\"widget\" data-widget_type=\"heading.default\">\n\t\t\t\t<div class=\"elementor-widget-container\">\n\t\t\t\t\t<h2 class=\"elementor-heading-title elementor-size-default\">Ciberseguridad<\/h2>\t\t\t\t<\/div>\n\t\t\t\t<\/div>\n\t\t\t\t<div class=\"elementor-element elementor-element-b706cca elementor-widget elementor-widget-text-editor\" data-id=\"b706cca\" data-element_type=\"widget\" data-e-type=\"widget\" data-widget_type=\"text-editor.default\">\n\t\t\t\t<div class=\"elementor-widget-container\">\n\t\t\t\t\t\t\t\t\t<p>Proteja su infraestructura digital con nuestras soluciones de ciberseguridad, que incluyen firewalls, sistemas de detecci\u00f3n de intrusos, antivirus y m\u00e1s. Nos especializamos en implementar estrategias que aseguran la integridad y confidencialidad de los datos.<\/p>\t\t\t\t\t\t\t\t<\/div>\n\t\t\t\t<\/div>\n\t\t\t\t<\/div>\n\t\t<div class=\"elementor-element elementor-element-cf2fd3b e-con-full e-flex e-con e-child\" data-id=\"cf2fd3b\" data-element_type=\"container\" data-e-type=\"container\">\n\t\t\t\t<div class=\"elementor-element elementor-element-0ffd78e elementor-widget elementor-widget-image\" data-id=\"0ffd78e\" data-element_type=\"widget\" data-e-type=\"widget\" data-widget_type=\"image.default\">\n\t\t\t\t<div class=\"elementor-widget-container\">\n\t\t\t\t\t\t\t\t\t\t\t\t\t\t\t<img decoding=\"async\" width=\"1000\" height=\"667\" src=\"https:\/\/grupowas.com.co\/wp-content\/uploads\/2024\/11\/89112.jpg\" class=\"attachment-large size-large wp-image-1767\" alt=\"\" \/>\t\t\t\t\t\t\t\t\t\t\t\t\t\t\t<\/div>\n\t\t\t\t<\/div>\n\t\t\t\t<div class=\"elementor-element elementor-element-858f088 elementor-widget elementor-widget-heading\" data-id=\"858f088\" data-element_type=\"widget\" data-e-type=\"widget\" data-widget_type=\"heading.default\">\n\t\t\t\t<div class=\"elementor-widget-container\">\n\t\t\t\t\t<h2 class=\"elementor-heading-title elementor-size-default\">Dispositivos GPS<\/h2>\t\t\t\t<\/div>\n\t\t\t\t<\/div>\n\t\t\t\t<div class=\"elementor-element elementor-element-2760d35 elementor-widget elementor-widget-text-editor\" data-id=\"2760d35\" data-element_type=\"widget\" data-e-type=\"widget\" data-widget_type=\"text-editor.default\">\n\t\t\t\t<div class=\"elementor-widget-container\">\n\t\t\t\t\t\t\t\t\t<p>Nuestros dispositivos de localizaci\u00f3n GPS permiten un monitoreo en tiempo real de veh\u00edculos, mercanc\u00edas, personas o mascotas, asegurando el control y la seguridad en cada momento. Estos sistemas ofrecen reportes detallados, geolocalizaci\u00f3n precisa y funciones avanzadas de rastreo.<\/p>\t\t\t\t\t\t\t\t<\/div>\n\t\t\t\t<\/div>\n\t\t\t\t<\/div>\n\t\t<div class=\"elementor-element elementor-element-d8d09ef e-con-full e-flex e-con e-child\" data-id=\"d8d09ef\" data-element_type=\"container\" data-e-type=\"container\">\n\t\t\t\t<div class=\"elementor-element elementor-element-00c983f elementor-widget elementor-widget-image\" data-id=\"00c983f\" data-element_type=\"widget\" data-e-type=\"widget\" data-widget_type=\"image.default\">\n\t\t\t\t<div class=\"elementor-widget-container\">\n\t\t\t\t\t\t\t\t\t\t\t\t\t\t\t<img loading=\"lazy\" decoding=\"async\" width=\"1000\" height=\"665\" src=\"https:\/\/grupowas.com.co\/wp-content\/uploads\/2024\/11\/2148994177.jpg\" class=\"attachment-large size-large wp-image-1769\" alt=\"\" \/>\t\t\t\t\t\t\t\t\t\t\t\t\t\t\t<\/div>\n\t\t\t\t<\/div>\n\t\t\t\t<div class=\"elementor-element elementor-element-563ce51 elementor-widget elementor-widget-heading\" data-id=\"563ce51\" data-element_type=\"widget\" data-e-type=\"widget\" data-widget_type=\"heading.default\">\n\t\t\t\t<div class=\"elementor-widget-container\">\n\t\t\t\t\t<h2 class=\"elementor-heading-title elementor-size-default\">Dispositivos de Seguridad<\/h2>\t\t\t\t<\/div>\n\t\t\t\t<\/div>\n\t\t\t\t<div class=\"elementor-element elementor-element-a1ab17e elementor-widget elementor-widget-text-editor\" data-id=\"a1ab17e\" data-element_type=\"widget\" data-e-type=\"widget\" data-widget_type=\"text-editor.default\">\n\t\t\t\t<div class=\"elementor-widget-container\">\n\t\t\t\t\t\t\t\t\t<p>Importamos c\u00e1maras, alarmas, controles de acceso, detectores de apertura y movimiento, paneles centrales, llaves o teclados y entre otros.<\/p>\t\t\t\t\t\t\t\t<\/div>\n\t\t\t\t<\/div>\n\t\t\t\t<\/div>\n\t\t\t\t\t<\/div>\n\t\t\t\t<\/div>\n\t\t<div class=\"elementor-element elementor-element-aeb84ca e-flex e-con-boxed e-con e-parent\" data-id=\"aeb84ca\" data-element_type=\"container\" data-e-type=\"container\">\n\t\t\t\t\t<div class=\"e-con-inner\">\n\t\t\t\t<div class=\"elementor-element elementor-element-d5139e9 elementor-widget elementor-widget-heading\" data-id=\"d5139e9\" data-element_type=\"widget\" data-e-type=\"widget\" data-widget_type=\"heading.default\">\n\t\t\t\t<div class=\"elementor-widget-container\">\n\t\t\t\t\t<h2 class=\"elementor-heading-title elementor-size-default\">WAS SERVICE TECHNOLOGY<\/h2>\t\t\t\t<\/div>\n\t\t\t\t<\/div>\n\t\t\t\t<div class=\"elementor-element elementor-element-a85931e elementor-widget elementor-widget-text-editor\" data-id=\"a85931e\" data-element_type=\"widget\" data-e-type=\"widget\" data-widget_type=\"text-editor.default\">\n\t\t\t\t<div class=\"elementor-widget-container\">\n\t\t\t\t\t\t\t\t\t<p>No solo le proporcionamos los mejores productos de seguridad tecnol\u00f3gica, sino que tambi\u00e9n garantizamos una<b> <strong>instalaci\u00f3n profesional y eficiente<\/strong><\/b>. Nuestro equipo t\u00e9cnico se encarga de la configuraci\u00f3n e integraci\u00f3n de todos los dispositivos y sistemas, asegur\u00e1ndose de que funcionen de manera \u00f3ptima desde el primer momento.<\/p><p>Adem\u00e1s, ofrecemos un <strong>soporte t\u00e9cnico continuo<\/strong> para garantizar que sus sistemas de seguridad est\u00e9n siempre actualizados y protegidos frente a nuevas amenazas. Nos aseguramos de que nuestros clientes reciban una atenci\u00f3n integral, desde la compra hasta el mantenimiento post-instalaci\u00f3n.<\/p><p>Entendemos que cada cliente tiene necesidades \u00fanicas, por lo que ofrecemos soluciones personalizadas que se adaptan a sus requerimientos espec\u00edficos. Ya sea que necesite proteger su infraestructura digital, rastrear o monitorear activos importantes o asegurar el acceso a sus instalaciones u hogar.<\/p>\t\t\t\t\t\t\t\t<\/div>\n\t\t\t\t<\/div>\n\t\t\t\t\t<\/div>\n\t\t\t\t<\/div>\n\t\t\t\t<\/div>\n\t\t","protected":false},"excerpt":{"rendered":"<p>WAS TECH Ofrecemos una gama completa de productos y servicios tecnol\u00f3gicos orientados a fortalecer y proteger tanto el entorno f\u00edsico como digital de su empresa, bienes, comercio u hogar. Con un enfoque en la innovaci\u00f3n y tecnolog\u00eda de \u00faltima generaci\u00f3n, proporcionando sistemas de ciberseguridad, software especializados, dispositivos Gps, dispositivos tecnol\u00f3gicos, entre otros junto con un [&hellip;]<\/p>\n","protected":false},"author":1,"featured_media":0,"parent":0,"menu_order":0,"comment_status":"closed","ping_status":"closed","template":"","meta":{"_surecart_dashboard_logo_width":"180px","_surecart_dashboard_show_logo":true,"_surecart_dashboard_navigation_orders":true,"_surecart_dashboard_navigation_invoices":true,"_surecart_dashboard_navigation_subscriptions":true,"_surecart_dashboard_navigation_downloads":true,"_surecart_dashboard_navigation_billing":true,"_surecart_dashboard_navigation_account":true,"site-sidebar-layout":"no-sidebar","site-content-layout":"page-builder","ast-site-content-layout":"full-width-container","site-content-style":"default","site-sidebar-style":"default","ast-global-header-display":"","ast-banner-title-visibility":"","ast-main-header-display":"","ast-hfb-above-header-display":"","ast-hfb-below-header-display":"","ast-hfb-mobile-header-display":"","site-post-title":"disabled","ast-breadcrumbs-content":"","ast-featured-img":"disabled","footer-sml-layout":"","ast-disable-related-posts":"","theme-transparent-header-meta":"","adv-header-id-meta":"","stick-header-meta":"","header-above-stick-meta":"","header-main-stick-meta":"","header-below-stick-meta":"","astra-migrate-meta-layouts":"set","ast-page-background-enabled":"default","ast-page-background-meta":{"desktop":{"background-color":"","background-image":"","background-repeat":"repeat","background-position":"center center","background-size":"auto","background-attachment":"scroll","background-type":"","background-media":"","overlay-type":"","overlay-color":"","overlay-opacity":"","overlay-gradient":""},"tablet":{"background-color":"","background-image":"","background-repeat":"repeat","background-position":"center center","background-size":"auto","background-attachment":"scroll","background-type":"","background-media":"","overlay-type":"","overlay-color":"","overlay-opacity":"","overlay-gradient":""},"mobile":{"background-color":"","background-image":"","background-repeat":"repeat","background-position":"center center","background-size":"auto","background-attachment":"scroll","background-type":"","background-media":"","overlay-type":"","overlay-color":"","overlay-opacity":"","overlay-gradient":""}},"ast-content-background-meta":{"desktop":{"background-color":"var(--ast-global-color-5)","background-image":"","background-repeat":"repeat","background-position":"center center","background-size":"auto","background-attachment":"scroll","background-type":"","background-media":"","overlay-type":"","overlay-color":"","overlay-opacity":"","overlay-gradient":""},"tablet":{"background-color":"var(--ast-global-color-5)","background-image":"","background-repeat":"repeat","background-position":"center center","background-size":"auto","background-attachment":"scroll","background-type":"","background-media":"","overlay-type":"","overlay-color":"","overlay-opacity":"","overlay-gradient":""},"mobile":{"background-color":"var(--ast-global-color-5)","background-image":"","background-repeat":"repeat","background-position":"center center","background-size":"auto","background-attachment":"scroll","background-type":"","background-media":"","overlay-type":"","overlay-color":"","overlay-opacity":"","overlay-gradient":""}},"footnotes":""},"class_list":["post-1765","page","type-page","status-publish","hentry"],"_links":{"self":[{"href":"https:\/\/grupowas.com.co\/index.php?rest_route=\/wp\/v2\/pages\/1765","targetHints":{"allow":["GET"]}}],"collection":[{"href":"https:\/\/grupowas.com.co\/index.php?rest_route=\/wp\/v2\/pages"}],"about":[{"href":"https:\/\/grupowas.com.co\/index.php?rest_route=\/wp\/v2\/types\/page"}],"author":[{"embeddable":true,"href":"https:\/\/grupowas.com.co\/index.php?rest_route=\/wp\/v2\/users\/1"}],"replies":[{"embeddable":true,"href":"https:\/\/grupowas.com.co\/index.php?rest_route=%2Fwp%2Fv2%2Fcomments&post=1765"}],"version-history":[{"count":4,"href":"https:\/\/grupowas.com.co\/index.php?rest_route=\/wp\/v2\/pages\/1765\/revisions"}],"predecessor-version":[{"id":1773,"href":"https:\/\/grupowas.com.co\/index.php?rest_route=\/wp\/v2\/pages\/1765\/revisions\/1773"}],"wp:attachment":[{"href":"https:\/\/grupowas.com.co\/index.php?rest_route=%2Fwp%2Fv2%2Fmedia&parent=1765"}],"curies":[{"name":"wp","href":"https:\/\/api.w.org\/{rel}","templated":true}]}}